{"id":1033,"date":"2020-08-11T22:37:24","date_gmt":"2020-08-12T03:37:24","guid":{"rendered":"http:\/\/florencia.edu.co\/portal\/v4\/?page_id=1033"},"modified":"2023-11-15T14:31:12","modified_gmt":"2023-11-15T19:31:12","slug":"comunicado-no-07-2","status":"publish","type":"page","link":"https:\/\/florencia.edu.co\/portal\/v4\/comunicado-no-07-2\/","title":{"rendered":"COMUNICADO No 07"},"content":{"rendered":"\n<p>Resultado de  otorgamiento de encargo. <\/p>\n\n\n\n<div data-wp-interactive=\"core\/file\" class=\"wp-block-file\"><object data-wp-bind--hidden=\"!state.hasPdfPreview\" hidden class=\"wp-block-file__embed\" data=\"https:\/\/florencia.edu.co\/portal\/v4\/wp-content\/uploads\/DOC111523-11152023092516-3.pdf\" type=\"application\/pdf\" style=\"width:100%;height:600px\" aria-label=\"Incrustado de DOC111523-11152023092516-3.\"><\/object><a id=\"wp-block-file--media-d64450d6-7bf9-46aa-8a39-e56d258ca248\" href=\"https:\/\/florencia.edu.co\/portal\/v4\/wp-content\/uploads\/DOC111523-11152023092516-3.pdf\">DOC111523-11152023092516-3<\/a><a href=\"https:\/\/florencia.edu.co\/portal\/v4\/wp-content\/uploads\/DOC111523-11152023092516-3.pdf\" class=\"wp-block-file__button wp-element-button\" download aria-describedby=\"wp-block-file--media-d64450d6-7bf9-46aa-8a39-e56d258ca248\">Descargar<\/a><\/div>\n","protected":false},"excerpt":{"rendered":"<p>Resultado de otorgamiento de encargo.<\/p>\n","protected":false},"author":10,"featured_media":0,"parent":0,"menu_order":0,"comment_status":"closed","ping_status":"closed","template":"","meta":{"advanced_seo_description":"","jetpack_seo_html_title":"","jetpack_seo_noindex":false,"_vp_format_video_url":"","_vp_image_focal_point":[],"footnotes":""},"categories":[],"tags":[],"class_list":["post-1033","page","type-page","status-publish","hentry"],"jetpack-related-posts":[{"id":1152,"url":"https:\/\/florencia.edu.co\/portal\/v4\/comunicado-no-09-resultado-de-estudio-tecnico-para-otorgamiento-de-encargo\/","url_meta":{"origin":1033,"position":0},"title":"Comunicado No 09 Resultado de estudio t\u00e9cnico para otorgamiento de encargo","author":"Miller","date":"16 octubre, 2020","format":false,"excerpt":"Comunicado No 09","rel":"","context":"En \u00abComunicados\u00bb","block_context":{"text":"Comunicados","link":"https:\/\/florencia.edu.co\/portal\/v4\/category\/comunicados\/"},"img":{"alt_text":"","src":"","width":0,"height":0},"classes":[]},{"id":885,"url":"https:\/\/florencia.edu.co\/portal\/v4\/resultado-de-estudio-tecnico-para-otorgamiento-de-encargo\/","url_meta":{"origin":1033,"position":1},"title":"Comunicado No. 06 Resultado de estudio t\u00e9cnico para otorgamiento de encargo","author":"Miller","date":"26 junio, 2020","format":false,"excerpt":". Estudio T\u00e9cnico CIERRE Y EVALUACI\u00d3N COMUNICADO No. 06 DEL A\u00d1O 2020","rel":"","context":"En \u00abComunicados\u00bb","block_context":{"text":"Comunicados","link":"https:\/\/florencia.edu.co\/portal\/v4\/category\/comunicados\/"},"img":{"alt_text":"","src":"","width":0,"height":0},"classes":[]},{"id":1138,"url":"https:\/\/florencia.edu.co\/portal\/v4\/comunicado-no-08-2\/","url_meta":{"origin":1033,"position":2},"title":"COMUNICADO No. 08","author":"Miller","date":"1 octubre, 2020","format":false,"excerpt":"RESULTADO DE ESTUDIO TECNICO PARA OTORGAMIENTO DE ENCARGO COMUNICADO","rel":"","context":"Entrada similar","block_context":{"text":"Entrada similar","link":""},"img":{"alt_text":"","src":"","width":0,"height":0},"classes":[]},{"id":19,"url":"https:\/\/florencia.edu.co\/portal\/v4\/comunicado-1\/","url_meta":{"origin":1033,"position":3},"title":"Comunicado No 01","author":"wpmanager","date":"7 marzo, 2020","format":false,"excerpt":"Resultado de estudio t\u00e9cnico para otorgamiento de encargo auxiliar administrativo c\u00f3digo 407 grado 14 Descarga PDF","rel":"","context":"En \u00abComunicados\u00bb","block_context":{"text":"Comunicados","link":"https:\/\/florencia.edu.co\/portal\/v4\/category\/comunicados\/"},"img":{"alt_text":"","src":"","width":0,"height":0},"classes":[]},{"id":34,"url":"https:\/\/florencia.edu.co\/portal\/v4\/comunicado-2\/","url_meta":{"origin":1033,"position":4},"title":"Comunicado No 02","author":"wpmanager","date":"7 marzo, 2020","format":false,"excerpt":"Resultado de estudio t\u00e9cnico para otorgamiento de encargo secretaria ejecutiva c\u00f3digo 425 grado 14 Descarga PDF","rel":"","context":"En \u00abComunicados\u00bb","block_context":{"text":"Comunicados","link":"https:\/\/florencia.edu.co\/portal\/v4\/category\/comunicados\/"},"img":{"alt_text":"","src":"","width":0,"height":0},"classes":[]},{"id":37,"url":"https:\/\/florencia.edu.co\/portal\/v4\/comunicado-3\/","url_meta":{"origin":1033,"position":5},"title":"Comunicado No 03","author":"wpmanager","date":"7 marzo, 2020","format":false,"excerpt":"Resultado de estudio t\u00e9cnico para otorgamiento de encargo auxiliar administrativo 407 grado 11 Descarga PDF CIERRE Y EVALUACI\u00d3N COMUNICADO No. 03 DEL A\u00d1O 2020","rel":"","context":"En \u00abComunicados\u00bb","block_context":{"text":"Comunicados","link":"https:\/\/florencia.edu.co\/portal\/v4\/category\/comunicados\/"},"img":{"alt_text":"","src":"","width":0,"height":0},"classes":[]}],"jetpack_sharing_enabled":true,"_links":{"self":[{"href":"https:\/\/florencia.edu.co\/portal\/v4\/wp-json\/wp\/v2\/pages\/1033","targetHints":{"allow":["GET"]}}],"collection":[{"href":"https:\/\/florencia.edu.co\/portal\/v4\/wp-json\/wp\/v2\/pages"}],"about":[{"href":"https:\/\/florencia.edu.co\/portal\/v4\/wp-json\/wp\/v2\/types\/page"}],"author":[{"embeddable":true,"href":"https:\/\/florencia.edu.co\/portal\/v4\/wp-json\/wp\/v2\/users\/10"}],"replies":[{"embeddable":true,"href":"https:\/\/florencia.edu.co\/portal\/v4\/wp-json\/wp\/v2\/comments?post=1033"}],"version-history":[{"count":4,"href":"https:\/\/florencia.edu.co\/portal\/v4\/wp-json\/wp\/v2\/pages\/1033\/revisions"}],"predecessor-version":[{"id":6153,"href":"https:\/\/florencia.edu.co\/portal\/v4\/wp-json\/wp\/v2\/pages\/1033\/revisions\/6153"}],"wp:attachment":[{"href":"https:\/\/florencia.edu.co\/portal\/v4\/wp-json\/wp\/v2\/media?parent=1033"}],"wp:term":[{"taxonomy":"category","embeddable":true,"href":"https:\/\/florencia.edu.co\/portal\/v4\/wp-json\/wp\/v2\/categories?post=1033"},{"taxonomy":"post_tag","embeddable":true,"href":"https:\/\/florencia.edu.co\/portal\/v4\/wp-json\/wp\/v2\/tags?post=1033"}],"curies":[{"name":"wp","href":"https:\/\/api.w.org\/{rel}","templated":true}]}}